emainder when 729 is divided by 727.
2
Calculate the remainder when 10136 is divided by 290.
276
Calculate the remainder when 68439 is divided by 122.
119
What is the remainder when 68337 is divided by 22771?
24
What is the remainder when 216215 is divided by 38?
33
Calculate the remainder when 7373 is divided by 3551.
271
Calculate the remainder when 1759 is divided by 1046.
713
Calculate the remainder when 583 is divided by 39.
37
What is the remainder when 16615 is divided by 5534?
13
Calculate the remainder when 43482 is divided by 5427.
66
Calculate the remainder when 2991 is divided by 2780.
211
Calculate the remainder when 7799 is divided by 50.
49
What is the remainder when 56465 is divided by 7021?
297
Calculate the remainder when 160205 is divided by 17.
14
What is the remainder when 6794 is divided by 112?
74
Calculate the remainder when 4459 is divided by 1110.
19
Calculate the remainder when 6620 is divided by 1732.
1424
What is the remainder when 8894 is divided by 55?
39
What is the remainder when 8606 is divided by 657?
65
Calculate the remainder when 75696 is divided by 10.
6
Calculate the remainder when 717023 is divided by 66.
65
What is the remainder when 1134 is divided by 1130?
4
What is the remainder when 803677 is divided by 363?
358
What is the remainder when 3058 is divided by 570?
208
Calculate the remainder when 43297 is divided by 21581.
135
Calculate the remainder when 79369 is divided by 4953.
121
What is the remainder when 40589 is divided by 491?
327
Calculate the remainder when 61011 is divided by 30352.
307
Calculate the remainder when 30272 is divided by 1218.
1040
What is the remainder when 1235 is divided by 1131?
104
What is the remainder when 5971 is divided by 988?
43
Calculate the remainder when 586 is divided by 131.
62
Calculate the remainder when 17498 is divided by 140.
138
What is the remainder when 103756 is divided by 11528?
4
What is the remainder when 93092 is divided by 705?
32
Calculate the remainder when 9697 is divided by 65.
12
Calculate the remainder when 6991 is divided by 305.
281
Calculate the remainder when 182686 is divided by 169.
166
Calculate the remainder when 7973 is divided by 260.
173
What is the remainder when 1777 is divided by 885?
7
What is the remainder when 17102 is divided by 94?
88
Calculate the remainder when 7000 is divided by 6872.
128
Calculate the remainder when 46203 is divided by 306.
303
Calculate the remainder when 22937 is divided by 7636.
29
What is the remainder when 64 is divided by 33?
31
What is the remainder when 1701 is divided by 32?
5
What is the remainder when 3141 is divided by 19?
6
What is the remainder when 561 is divided by 336?
225
What is the remainder when 1586 is divided by 462?
200
What is the remainder when 4500 is divided by 121?
23
What is the remainder when 115513 is divided by 9?
7
What is the remainder when 5708 is divided by 517?
21
Calculate the remainder when 9321 is divided by 16.
9
What is the remainder when 6740 is divided by 3365?
10
What is the remainder when 662537 is divided by 963?
956
What is the remainder when 1641 is divided by 1567?
74
What is the remainder when 73150 is divided by 2523?
2506
What is the remainder when 3060149 is divided by 1593?
1589
What is the remainder when 61037 is divided by 140?
137
Calculate the remainder when 143739 is divided by 28726.
109
Calculate the remainder when 252648 is divided by 741.
708
What is the remainder when 278800 is divided by 92928?
16
Calculate the remainder when 578600 is divided by 52.
48
What is the remainder when 280123 is divided by 22?
19
What is the remainder when 86355 is divided by 115?
105
Calculate the remainder when 529256 is divided by 217.
210
Calculate the remainder when 1300 is divided by 290.
140
Calculate the remainder when 3415 is divided by 2444.
971
What is the remainder when 95345 is divided by 662?
17
What is the remainder when 60220 is divided by 15?
10
Calculate the remainder when 347300 is divided by 27.
26
Calculate the remainder when 17570 is divided by 36.
2
What is the remainder when 49712 is divided by 61?
58
Calculate the remainder when 75987 is divided by 455.
2
What is the remainder when 127642 is divided by 228?
190
Calculate the remainder when 5454 is divided by 1346.
70
What is the remainder when 2064 is divided by 2060?
4
What is the remainder when 1351985 is divided by 202?
201
What is the remainder when 1279 is divided by 631?
17
Calculate the remainder when 101902 is divided by 414.
58
Calculate the remainder when 1439 is divided by 1169.
270
Calculate the remainder when 1474 is divided by 17.
12
What is the remainder when 109095 is divided by 90?
15
Calculate the remainder when 8534 is divided by 321.
188
What is the remainder when 406157 is divided by 8?
5
What is the remainder when 21550 is divided by 24?
22
Calculate the remainder when 37308 is divided by 1286.
14
Calculate the remainder when 923 is divided by 12.
11
Calculate the remainder when 56894 is divided by 9481.
8
Calculate the remainder when 68826 is divided by 68797.
29
Calculate the remainder when 313115 is divided by 7.
5
What is the remainder when 1345 is divided by 157?
89
What is the remainder when 2485 is divided by 2428?
57
Calculate the remainder when 13618 is divided by 38.
14
Calculate the remainder when 10745 is divided by 18.
17
Calculate the remainder when 37292 is divided by 909.
23
What is the remainder when 57158 is divided by 21?
17
What is the remainder when 21456 is divided by 356?
96
What is the remainder when 2904 is divided by 345?
144
Calculate the remainder when 36596 is divided by 244.
240
What is the remainder when 32255 is divided by 168?
167
What is the remainder when 1201 is divided by 75?
1
Calculate the remainder when 20699 is divided by 115.
114
Calculate the remainder when 125299 is divided by 41763.
10
Calculate the remainder when 2486 is divided by 660.
506
What is the remainder when 93010 is divided by 5?
0
Calculate the remainder when 2033 is divided by 9.
8
What is the remainder when 5923 is divided by 39?
34
Calculate the remainder when 86589 is divided by 176.
173
What is the remainder when 182619 is divided by 16599?
30
Calculate the remainder when 513666 is divided by 281.
279
Calculate the remainder when 22412 is divided by 489.
407
What is the remainder when 1263113 is divided by 157887?
17
What is the remainder when 25071 is divided by 8041?
948
Calculate the remainder when 1481 is divided by 35.
11
What is the remainder when 15760 is divided by 219?
211
What is the remainder when 256929 is divided by 8?
1
What is the remainder when 14459 is divided by 803?
5
What is the remainder when 910 is divided by 94?
64
What is the remainder when 24836 is divided by 42?
14
Calculate the remainder when 78592 is divided by 200.
192
What is the remainder when 87362 is divided by 19?
0
Calculate the remainder when 3084 is divided by 757.
56
Calculate the remainder when 1372 is divided by 39.
7
Calculate the remainder when 327 is divided by 55.
52
What is the remainder when 15572 is divided by 88?
84
What is the remainder when 382222 is divided by 511?
505
What is the remainder when 11217 is divided by 11201?
16
What is the remainder when 4756 is divided by 889?
311
What is the remainder when 370454 is divided by 52922?
0
What is the remainder when 94110 is divided by 730?
670
Calculate the remainder when 30653 is divided by 16.
13
What is the remainder when 4096 is divided by 48?
16
Calculate the remainder when 694 is divided by 335.
24
Calculate the remainder when 14965 is divided by 622.
37
Calculate the remainder when 3690 is divided by 18.
0
Calculate the remainder when 38005 is divided by 437.
423
Calculate the remainder when 12860 is divided by 192.
188
Calculate the remainder when 29806 is divided by 5.
1
What is the remainder when 27787 is divided by 731?
9
What is the remainder when 4795 is divided by 442?
375
What is the remainder when 99483 is divided by 257?
24
Calculate the remainder when 660726 is divided by 976.
950
What is the remainder when 57476 is divided by 338?
16
What is the remainder when 86914 is divided by 10?
4
What is the remainder when 331498 is divided by 340?
338
Calculate the remainder when 4922 is di